(s).
-9
Let g(l) be the third derivative of -l**5/60 - l**4/24 + 5*l**3/2 - 2*l**2 + 83. Let h = -1 - -1. Determine g(h).
15
Suppose 0 = 16*y - 205 + 269. Let c(m) = -m**3 - 7*m**2 - 12*m - 2. Give c(y).
-2
Let j(l) = l**2 - 2*l - 7. Let k be (-14)/(-8) - 6/(-24). Let s be 1*(k/(-2) + 6). What is j(s)?
8
Let c(k) = -6 + 12 - 28*k + 29*k. Suppose 0 = -3*z + 4*a - 7, -35 = 5*z - 0*a + 5*a. What is c(z)?
1
Let s(o) = -o**3 - 5*o**2 - 3*o - 2. Let f = -74 + 72. Give s(f).
-8
Let y(a) = -2*a + 8. Let v(u) = 3*u - 16. Let r = 5 - 0. Let i(p) = r*y(p) + 3*v(p). Let h = 476 + -482. Calculate i(h).
-2
Let z(g) = -g**3 - 2*g. Let b be z(0). Suppose 2*i - 5 - 9 = b. Let o(p) = -p**2 + 8*p + 7. Give o(i).
14
Suppose q + 2*r - 18 + 9 = 0, 0 = r - 4. Let g = 23 + -12. Let x(i) = 2*i + 0 - g*i**2 - 1 - i. Determine x(q).
-11
Let p = -44 - -48. Suppose -3*w - g = 18 - 2, 0 = -p*w + 5*g - 53. Let v(n) = n**3 + 6*n**2 - 6*n + 3. Calculate v(w).
-4
Let g(w) = -5 + w**3 + w**2 + 4 + 2*w - 5*w. Suppose 4*a + 2*m - 14 = -62, -5*a = -4*m + 34. Let p(t) = 2*t + 17. Let y be p(a). What is g(y)?
-10
Let l(f) = -7*f + 22*f + 3 - 15 - f - 20*f. Calculate l(-6).
24
Let p(v) = -v**3 + 12*v**2 - 12*v + 8. Suppose -4*g + 64 = 4*n, g = n - 2 - 4. Determine p(n).
-3
Suppose -7 + 16 = -3*g, -4*z = -3*g + 67. Let k(v) = -v**2 - 20*v - 19. Determine k(z).
0
Let x(l) = -l**3 + 5*l**2 + 309*l - 1 - 309*l. Calculate x(2).
11
Let d(b) be the first derivative of -28*b**3/3 - b**2 - b - 81. Calculate d(-1).
-27
Let v(o) = -7*o**3 + o**2. Let z(n) = -n**3 - 8*n**2 - 9*n - 13. Let r be z(-7). What is v(r)?
-6
Let n(t) = 1 + 3 - 2 + 2*t. Determine n(-3).
-4
Let a = 143 - 140. Let x(b) = -3*b**2 - b**2 + 5*b**2 + 5*b - a*b**2 - 6. Calculate x(4).
-18
Let c(y) = 1. Let g(i) = -4*i**3 - 2*i**2 + 5. Suppose -3*q + 0 = 12. Let t(k) = q*c(k) + g(k). Suppose -5*u - 3*d + 5 = d, 5 = 5*u - d. Calculate t(u).
-5
Let d(x) = -3*x - 9. Let j be d(-1). Let p(f) = -5*f - 7*f**2 + 2 + 1 + 58*f**3 - 59*f**3. Calculate p(j).
-3
Let z be (8 + -14)/(4/(-2)). Suppose -4*o - 14 = -2*d, 3*o + 0*o = 2*d - 11. Let y(v) = 4 - 5 + 5*v - 3 + d - 5*v**2 + v**3. Determine y(z).
-6
Let i(g) = 8*g**2 + 16*g + 2 - 5*g**2 - g**2 + 3. Determine i(-8).
5
Let o(r) be the first derivative of 4/3*r**3 - 1/4*r**4 - r**2 + 19 + 3*r. Give o(3).
6
Let l(w) = w**2 - 5*w + 5. Let f be l(4). Let p(y) = -22*y + 37. Let m(x) = 7*x - 13. Let b(q) = 17*m(q) + 6*p(q). Give b(f).
-12
Let k(t) = -5*t - 2. Let o = -424 - -420. What is k(o)?
18
Let x(o) be the third derivative of 0*o - 1/120*o**6 - 1/30*o**5 + 1/24*o**4 + 0 - 1/3*o**3 - 10*o**2. What is x(-3)?
4
Suppose -8*b - 18 = -10*b. Let a(g) = -2*g + 15. Determine a(b).
-3
Let f(i) = i**3 - 6*i**2 - 8*i + 3. Let q = -13 + -5. Let o be -2 - q/(1 - -1). Calculate f(o).
-4
Let a(s) = 2*s**2 - 18*s - 5. Suppose 3*r - 30 = -5*o + 6*r, 0 = 3*o + 4*r - 47. Calculate a(o).
-5
Suppose l = b + 9, 0*b = -l + 3*b + 15. Let n(d) = -2*d + 2 - l*d + 2*d + 2*d. Give n(-2).
10
Let y = -700 - -699. Let q(c) = 9*c + 3. Give q(y).
-6
Let w(p) = 0 + 2*p - 1 + 2*p**3 + 0 + 0*p. What is w(1)?
3
Let i(v) = 4*v**2 - v - v - 11699*v**3 + 11698*v**3 + 8. Determine i(4).
0
Let a(v) = v**2 + v + 1. Let s = -53 + 57. Let p(i) = 5*i**2 + 9*i - 1. Let l(w) = s*a(w) - p(w). What is l(-4)?
9
Suppose -v - 5 = 0, -3*k + 3*v = 6*v + 18. Let u(c) = -4*c - 1. Give u(k).
3
Suppose 15 = 8*o - 9. Suppose a + 6 = f + 5*a, 4*f - o*a - 24 = 0. Let u(l) be the second derivative of l**3/6 - 3*l**2/2 + l. Give u(f).
3
Let g(t) be the first derivative of -t**2/2 - 3*t - 117. What is g(11)?
-14
Let p be 4*3*6/9. Suppose 0 = 7*a - 3*a - p. Let o(n) = -12*n**a + 3*n**2 - 2*n**2. Calculate o(1).
-11
Let b(l) = 10*l**2 - 1132*l - 9*l**2 + 1144*l - l**3 + 4 + 11*l**2 + 2. Determine b(13).
-7
Let v(g) = g**2 + 5*g. Let z(f) be the first derivative of -f**3/3 + 7*f**2/2 - 5*f - 2. Let o be z(6). Suppose -5*r = i - 19, -5*r + o = 3*i - 6. What is v(i)?
6
Let h(j) be the third derivative of j**4/12 - j**3 + 12*j**2 + j. What is h(-9)?
-24
Let k(m) = 2*m**3 + 6*m**2 + 3. Let n(j) = -j**2 + 23*j - 79. Let z be n(19). Let h be k(z). Let i(y) = -y**3 + 2*y**2 - 2*y - 4. Give i(h).
-19
Suppose 5*j + v = 6, 2*j + 4 = -0*v - 2*v. Let u(t) = 30*t**2 + 4 + j*t - 2 + 2*t - 26*t**2. Give u(-2).
10
Let m(w) = -1 + 1 + 402*w - 396*w. Suppose 6*f - f = 0. Suppose f = -3*g - 1 - 2. Calculate m(g).
-6
Let m(v) = -16*v**2 - 2*v - 6. Let h(y) = 9*y**2 + 2*y + 3. Let w(j) = 7*h(j) + 4*m(j). Suppose -2*i = -q - 11, 4*i + 3 = -4*q - 5. Calculate w(i).
6
Let s be -3 - (-7*1 - (36 - 36)). Let w(y) be the second derivative of 1/4*y**s + 1/20*y**5 + 9*y + 0 + 3/2*y**2 - 1/6*y**3. Calculate w(-3).
6
Let l(n) = 2*n**3 + 89*n**2 + 46*n + 89. Let i be l(-44). Let j(w) = -3*w**3 + w**2 - 1. Determine j(i).
-3
Let b = -113 - -116. Suppose 2*c = b*d + 5, -5*c = -3*d + 3 - 20. Let a(u) = -u - 1. Determine a(d).
-2
Let n(g) = 2*g - 7*g + 2 + 4*g + 4*g - 2*g. Determine n(-10).
-8
Let v(k) be the second derivative of k**5/20 - k**4/2 + k**3 - 5*k**2/2 - 23*k. Suppose 0 = -11*h + 12 + 43. What is v(h)?
0
Let g(s) = s**2 + 4*s + 3. Let i(m) = -m**2 - 9*m + 67. Let p be i(-14). Give g(p).
0
Let d(z) = -34*z + 8 + 5*z**2 + 0*z**3 - 4 - 14*z**2 + z**3 + 12*z. Give d(11).
4
Suppose -9*l + 4*l = 15. Let y(k) = k**2 - 2*k - 4. Determine y(l).
11
Let l(o) = o**2 + o - 22. Let p be l(-7). Let h(u) = -4 - p + 1 + u. Give h(0).
-23
Let a(t) = -2*t**2 + 9*t + 9. Let l = -2578 - -2584. What is a(l)?
-9
Let t be ((-2)/4)/((-2)/28). Let r(o) be the first derivative of -o**4/4 + 8*o**3/3 - 5*o**2/2 - 8*o - 9. Calculate r(t).
6
Let h(n) be the third derivative of n**5/60 + 17*n**4/24 + 5*n**3/6 - 410*n**2. What is h(-17)?
5
Let a(i) = 3*i + 5. Let t(c) = -3. Let q(y) = a(y) + 3*t(y). Determine q(6).
14
Let z(w) = -6*w**2 - 17*w - 11. Suppose 11 = l + 5. Let p(d) = 3*d**2 + 9*d + 6. Let a(v) = l*z(v) + 11*p(v). Give a(-2).
-6
Suppose -4*s + 2*m = 4*m - 16, -4*s + 4*m + 40 = 0. Let a(o) = -1 - s*o + 9*o - 4*o + 3*o. What is a(7)?
13
Suppose d + 32 = 14. Let n be (4/6)/(12/d). Let i(p) = p + 1. Let j(c) = -6*c**2 - 4*c - 3. Let q(f) = n*j(f) - 3*i(f). What is q(1)?
7
Suppose -20*t + 49*t - 261 = 0. Let x(q) = q**3 - 10*q**2 + 8*q + 19. What is x(t)?
10
Suppose -i - 51 + 38 = 4*c, 3*i = 4*c + 25. Let b(u) = -u**3 + 5*u**2 - 2*u - 4. What is b(i)?
8
Let w(s) = 13 + 2*s + 9677*s**2 - 19*s - 4837*s**2 - 4839*s**2. Determine w(16).
-3
Let c(m) = -9*m**2 - m. Let s be (28/16 + -2)/(16/(-64)). Give c(s).
-10
Let y(n) = -5 - 2*n + 7 + 2 - 1. Let j(l) = 4*l - 4. Let c(q) = 3*j(q) + 5*y(q). What is c(4)?
11
Let b = -6 - -15. Suppose -b = j - 2. Let y(o) = -o**3 - 6*o**2 + 6*o - 2. What is y(j)?
5
Suppose -2 = -2*r + 2, -2 = -2*t + 3*r. Suppose -5*a = -13 - 17. Let i(x) = t*x + a - 1 + x**2 - 3 + 2. Determine i(-4).
4
Let g(l) = -5*l**3 + 8*l**2 + 5*l - 9. Let k(c) = 4*c**3 - 8*c**2 - 4*c + 9. Let f(w) = -5*g(w) - 6*k(w). Determine f(-8).
-1
Suppose 0 = -w + 3 - 7. Let j be (-2)/w*0/(-3). Let c(q) be the first derivative of q**3/3 + q**2/2 - 8*q + 1. Calculate c(j).
-8
Suppose 482*u + 108 = 473*u. Let k(b) = b**2 + 13*b + 14. What is k(u)?
2
Let g(a) = -a**3 + 7*a**2 + 3*a - 1. Let t be -14*((-15)/(-10) + -2)*1. Determine g(t).
20
Suppose 5*l + 9 = -4*x, 5*l + 1 = 10*x - 6*x. Suppose -i + 2 = -3. Let y(h) = -1 + h - i*h**2 + 0 + 2. Determine y(l).
-5
Let i(h) be the first derivative of 7*h**3 + h + 127. Determine i(-1).
22
Let b(r) = -r**3 + 16*r**2 - 15*r + 6. Let d be b(15). Let n be 2 - 1 - -2*1. Let c(u) = 4*u + 6 + u - n - u**2. Determine c(d).
-3
Let p be (1/3)/((-6)/(-54)). Suppose p*h - h - 10 = 0. Let i(j) = -2*j + 2*j + j - 12. What is i(h)?
-7
Suppose 6*l - 37 = l + 2*u, 2*u = 4*l - 28. Let z(y) = 10 - y - 13 - y**3 + 5*y**2 + l. Determine z(5).
1
Let c(g) be the third derivative of g**4/24 - 7*g**3/6 - 65*g**2 + g. Let p(b) = b + 9. Let k be p(7). Let j = -10 + k. What is c(j)?
-1
Let z(k) = -k**2 + k + 2. Let c(l) = 2*l**3 + 4*l**2 - 4*l - 13. Let g(p) = c(p) + 6*z(p). Give g(2).
11
Suppose 0 = -12*b - 2 + 14. Let w(l) = b - 77*l + 69*l + l**2 + 0. What is w(8)?
1
Let d(o) = 3*o**2 - o + 1. Let p(c) = -4*c**2 + c - 2. Let b(u) = -5*d(u) - 4*p(u). Give b(-6).
33
Let k(c) = c - 20. Suppose -13*d